 to base 10
-2897968
-cc54e (base 15) to base 5
-131233244
What is -100221201100000 (base 3) in base 14?
-9b9758
Convert 1571657 (base 9) to base 3.
1122101201221
What is 72767 (base 8) in base 4?
13113313
cc77 (base 15) to base 3
2012102011
What is -155433410 (base 6) in base 9?
-6263076
Convert 85015 (base 10) to base 3.
11022121201
Convert 1299709 (base 10) to base 15.
1aa174
What is -144333 (base 11) in base 14?
-5c198
Convert -14524161 (base 8) to base 9.
-6220061
7c1099 (base 14) to base 15
587de4
20110010112211 (base 3) to base 13
930085
2322344 (base 5) to base 8
122360
3cf29 (base 16) to base 8
747451
100132120032 (base 4) to base 9
8112163
Convert -38722 (base 12) to base 10.
-77066
What is 87010 (base 9) in base 14?
16dc4
What is -1204231 (base 5) in base 11?
-15951
Convert -35317 (base 13) to base 6.
-2025551
What is -1c32b (base 15) in base 13?
-32a59
Convert 1431343443 (base 5) to base 2.
1110011010010111001110
What is -674eb (base 15) in base 4?
-1100030300
2688531 (base 12) to base 14
1030341
What is 67a990 (base 15) in base 9?
10268330
Convert -4aa23 (base 15) to base 8.
-721705
12110222022 (base 3) to base 11
74057
What is 141719 (base 13) in base 15?
99d0e
What is -16956a7 (base 12) in base 5?
-2144101411
Convert -2321333343 (base 5) to base 10.
-5261723
What is 44024314 (base 5) in base 10?
376834
Convert -4235015 (base 6) to base 12.
-9ba6b
What is -1456051 (base 8) in base 13?
-117943
Convert 1b4388 (base 13) to base 15.
dad4b
556100 (base 7) to base 9
158562
-20a93 (base 13) to base 7
-333546
What is -41021330 (base 5) in base 13?
-b7031
15534525 (base 6) to base 10
557045
What is -2bb3b3 (base 12) in base 7?
-6222663
Convert -74614 (base 14) to base 3.
-112021120110
Convert 3a75a (base 11) to base 15.
12365
What is 1563004 (base 13) in base 15?
907e5a
Convert -1003353 (base 12) to base 4.
-23122120233
Convert -44824 (base 12) to base 15.
-1be91
What is 2e71b8 (base 15) in base 4?
20211230003
Convert 1330041310 (base 5) to base 16.
334d20
What is 551044 (base 7) in base 10?
96415
-1198067 (base 10) to base 5
-301314232
What is 1123410232 (base 5) in base 8?
11610103
Convert -5686 (base 15) to base 3.
-221011200
-1490644 (base 12) to base 11
-2398136
Convert -20110112120102 (base 3) to base 2.
-1101000110101111001000
Convert -142240022 (base 6) to base 4.
-23013102032
743440 (base 12) to base 8
6767260
56a95 (base 13) to base 6
3214315
Convert 6ada29 (base 15) to base 6.
301255120
Convert 199858 (base 11) to base 9.
515461
-1110000101011010100 (base 2) to base 12
-1a3104
Convert -10110110111100010 (base 2) to base 10.
-93666
-354446 (base 9) to base 8
-640362
What is 1221121210 (base 3) in base 12?
1a249
-349e0 (base 16) to base 2
-110100100111100000
Convert -41340103 (base 6) to base 10.
-1194951
What is 11a1564 (base 11) in base 4?
13330010010
What is 460f8 (base 16) in base 10?
286968
What is -340065 (base 10) in base 3?
-122021111000
Convert -1289993 (base 10) to base 11.
-801211
What is -17372 (base 15) in base 5?
-4400112
Convert e0648d (base 16) to base 3.
1000200010120110
What is -125451332 (base 6) in base 3?
-11201120000202
Convert 1205452 (base 6) to base 7.
353012
What is -6bc67d (base 14) in base 4?
-32003112113
What is -986251 (base 10) in base 13?
-286ba6
Convert -563543 (base 8) to base 16.
-2e763
What is -29104 (base 15) in base 13?
-48028
What is 22002111212 (base 3) in base 9?
262455
251531 (base 11) to base 15
7caa2
Convert 3356012 (base 8) to base 3.
1201010221200
-3132230023 (base 4) to base 16
-deb0b
Convert -24105241 (base 7) to base 15.
-2c2ec1
What is -2214540 (base 6) in base 3?
-12122120120
What is 21122022200210 (base 3) in base 9?
7568623
405003030 (base 6) to base 5
3234434120
Convert 402663 (base 7) to base 5.
4141003
-c33814 (base 15) to base 2
-100011011000101110011111
-1465107 (base 8) to base 3
-210100201020
Convert -34b01 (base 12) to base 16.
-11431
Convert -1222403 (base 8) to base 9.
-563436
-685689 (base 10) to base 13
-1b0144
What is 10667653 (base 8) in base 15?
30d182
What is -1955f1 (base 16) in base 11?
-a34536
Convert -107401a (base 12) to base 3.
-12220102121211
What is -605046 (base 10) in base 8?
-2235566
Convert -c3853 (base 13) to base 11.
-21a578
What is 148008 (base 11) in base 3?
102200212120
-116146231 (base 7) to base 5
-3333312302
What is 335040003 (base 6) in base 9?
12453103
-295213 (base 12) to base 10
-693231
Convert 20345146 (base 7) to base 11.
a67a24
What is 1149c1 (base 14) in base 5?
122323044
What is -196861 (base 13) in base 8?
-2347613
-1111110011110011 (base 2) to base 16
-fcf3
Convert 81a19 (base 11) to base 15.
256e4
-462153 (base 7) to base 14
-22063
Convert 88566 (base 10) to base 11.
605a5
What is -8d2dd (base 16) in base 6?
-20221101
What is -6a953 (base 12) in base 2?
-100010111011001111
What is 101101110000001010010 (base 2) in base 7?
15512620
Convert -82659 (base 14) to base 4.
-1030223113
Convert -110110110100101 (base 2) to base 7.
-144556
Convert 3d934 (base 16) to base 7.
2100212
What is -7142874 (base 9) in base 11?
-2170742
-1271232 (base 8) to base 14
-94174
What is 415c10 (base 13) in base 12?
61765b
What is ceae (base 16) in base 2?
1100111010101110
Convert -881183 (base 15) to base 6.
-350545123
What is 3c4221 (base 14) in base 9?
3828233
What is 1002211121222 (base 3) in base 16?
8f627
Convert 11101120120120 (base 3) to base 2.
1000111001110011111101
8355638 (base 10) to base 15
b00b28
10011122212201 (base 3) to base 14
31c66c
Convert -123503 (base 14) to base 16.
-984ff
What is -1278443 (base 10) in base 9?
-2357622
What is 233043003 (base 5) in base 4?
10010012202
20122012211 (base 3) to base 2
11111111001011000
Convert -a094a (base 11) to base 12.
-71481
-2e547a (base 15) to base 2
-1000100100001100001110
10341041 (base 6) to base 3
120200102221
Convert -5c14f (base 16) to base 15.
-76b47
Convert 10ed31 (base 15) to base 4.
3011221330
Convert 2110220200 (base 3) to base 4.
23322030
What is -16531c (base 13) in base 9?
-1034161
-1eea35 (base 15) to base 16
-17286b
What is 1010001001011011110001 (base 2) in base 13?
721a18
-110101111111110111111011 (base 2) to base 13
-2c17cc1
-70a944 (base 14) to base 10
-3794032
Convert a748 (base 16) to base 15.
ca4e
-569c (base 15) to base 11
-12892
Convert -2313b (base 13) to base 3.
-10020200212
20461b5 (base 14) to base 10
15229555
274742 (base 9) to base 8
507172
2c01f4 (base 16) to base 5
1214242314
Convert 2368531 (base 11) to base 10.
4125408
Convert 268221 (base 10) to base 14.
6da69
Convert -78405 (base 10) to base 4.
-103021011
Convert 1501512 (base 9) to base 6.
25424315
2b40bf (base 16) to base 9
5300331
What is -148ac23 (base 14) in base 12?
-343153b
Convert 1296518 (base 10) to base 8.
4744206
What is -475a2 (base 13) in base 9?
-218131
-38110 (base 15) to base 10
-179115
What is -2200212220001 (base 3) in base 9?
-2625801
What is 3e6a4 (base 15) in base 16?
30fb5
10d58 (base 15) to base 6
1052145
What is -4865225 (base 11) in base 8?
-40235656
3905a86 (base 12) to base 10
11207622
Convert -199b6 (base 12) to base 13.
-14229
2012202222 (base 3) to base 4
22220321
Convert 1db0c (base 14) to base 3.
10212121022
Convert 21101020210 (base 3) to base 7.
1143324
What is 22c83 (base 15) in base 7?
641046
What is 14531503 (base 6) in base 10?
509727
What is -113241202 (base 5) in base 8?
-2000410
100201000 (base 5) to base 10
397000
Convert -103003200 (base 4) to base 15.
-181d3
What is b1b681 (base 15) in base 10?
8442346
-57353270 (base 8) to base 12
-41bb988
Convert 222313132 (base 4) to base 6.
3432514
What is -1011010101110001101111 (base 2) in base 3?
-12121000220002
What is -101001000000101001 (base 2) in base 4?
-221000221
add8d (base 14) to base 15
852c0
What is -113721 (base 11) in base 16?
-2c14b
Convert 212120011021 (base 3) to base 6.
13535011
What is 4807673 (base 9) in base 12?
a56a03
What is -3c46fe (base 16) in base 8?
-17043376
Convert 421424 (base 8) to base 12.
69070
Convert -1320031202 (base 4) to base 6.
-14315322
What is -1001111011100111111100 (base 2) in base 3?
-11220021100112
What is -42325551 (base 6) in base 16?
-12eccb
9785e (base 15) to base 3
220102222222
What is -1003200123 (base 4) in base 12?
-114023
3655612 (base 9) to base 3
10201212200102
What i